mber?
True
Suppose 0 = 7*d - 3*d - 12. Suppose 0 = d*m - 6 - 6. Suppose 5*f = -5*k + 150, 0 = 2*k - 2*f + m - 80. Is k a composite number?
True
Let q(n) = 465*n + 4. Is q(3) composite?
False
Let y(m) be the first derivative of -m**4/2 - 7*m**3/3 + m**2 + 6*m + 7. Is y(-5) prime?
True
Suppose 48 = 5*q - 27. Let i = q + -9. Is i composite?
True
Suppose 2*h - 27286 = -12*h. Is h a composite number?
False
Is (1198/3)/((-2)/(-3)) composite?
False
Let w = -1345 - -3008. Is w prime?
True
Let h(g) = -52*g + 1. Let y be h(-1). Let d(i) = -5*i - i + 5*i + y. Is d(0) a composite number?
False
Suppose -4*k = -3*k - 2. Let b be (4/k)/(-1) - -22. Suppose 0 = -5*n - b, 20 = 5*a - 3*n - 167. Is a a prime number?
False
Let s = -7 + 10. Suppose -4*m + 27 = s. Is 1504/40 - m/10 a prime number?
True
Let q be 48/28 + 2/7. Let x be 2 + 1/(q/760). Let f = -255 + x. Is f prime?
True
Suppose -s + 35 = x + 2*x, -4*x + 44 = 2*s. Suppose -15 - x = -2*j. Is j composite?
True
Let r = -141 - -358. Is r composite?
True
Suppose -v + 5*v - 234 = -5*g, v = 3*g - 137. Suppose f - g = 3. Suppose -h = -f - 2. Is h prime?
False
Is (0 + 2)*(-8412)/(-24) a composite number?
False
Let j be (-9 - -7)/(1/(-954)). Is (-2 - j/16)*-4 a composite number?
True
Let m(u) = 5*u**2 - 15*u. Let b be m(6). Suppose -z - 31 = -b. Is z a prime number?
True
Let v = -119 + 184. Is v prime?
False
Let t(a) be the second derivative of -13*a**3/3 - a. Is t(-1) prime?
False
Let f = 7 + -5. Suppose -4*g + 5*m = m - 1220, f*g - 609 = 3*m. Is (-3)/(-6) + g/4 composite?
True
Let i(c) = 14*c**2 - 54*c - 21. Is i(16) a prime number?
True
Suppose n + 2*n - 2*h = -13, 18 = -3*n + 3*h. Is (n + (-241)/(-2))*2 prime?
True
Let x = 55 + 5. Let q = x - 39. Is q a prime number?
False
Is 2498/4*(8 + -6) a composite number?
False
Let b(p) = 43*p + 1. Let k(j) = 3*j**2 + j. Let s be k(-1). Is b(s) prime?
False
Let b = 2097 - 586. Is b composite?
False
Suppose 2*z - 5*o = 17, 0 = z + 6*o - 2*o + 24. Let p = z - -6. Suppose p*v - 1 - 109 = b, -20 = 5*b. Is v composite?
False
Let l = -30 + 21. Let u(w) = 7*w - 4. Let q be u(l). Let c = -5 - q. Is c composite?
True
Let r(f) = -f + 17. Is r(11) prime?
False
Suppose 0 = -4*d + i + 935, 2*i = d - 70 - 155. Is d prime?
False
Suppose -5*a = -2*f - 2644, 4 = -3*f + 13. Suppose -j + 3*j - a = 0. Is j composite?
True
Suppose 2*w + 5*z = 7027, -2*w + 3*z - 267 = -7286. Is w a composite number?
False
Let i = -108 - 46. Let d be ((-3)/2)/(1/(-166)). Let b = d + i. Is b a prime number?
False
Let r = 125 - 14. Is r a prime number?
False
Suppose 0 = -4*u + 5*u - 185. Is u prime?
False
Suppose b = 4*d + 21, 4*b + 2*d + d = 8. Let s(k) = -k**2 + 7*k - 2. Let q be s(b). Is 4/q + (-321)/(-2) a prime number?
False
Suppose 0 = j - 2*k - 163, 2*k - 541 - 274 = -5*j. Is j a composite number?
False
Suppose 0 = 4*l - 8. Suppose -4*o = -2*q - q + 551, -5*o + 375 = l*q. Is q a prime number?
False
Suppose -k - 2*o = -267, -3*k - 5*o - 525 = -5*k. Is k composite?
True
Let z(t) = -t - 1. Let v be z(-5). Is ((-14)/v)/((-1)/118) prime?
False
Let p be 5/(5/8) + -3. Suppose -2*h + 453 = -3*a + 68, -3*h - p*a = -530. Is h prime?
False
Suppose 0*k - k = 4*o + 5, 3*o + 18 = 4*k. Suppose -8*s + k*s + 335 = 0. Is s a prime number?
True
Let b(q) be the third derivative of -7*q**4/24 - q**3/3 - 2*q**2. Let m be b(-5). Suppose -o - 2*s = -41, -o - 3*s = -5*s - m. Is o prime?
True
Is 5892/20 - (-6)/15 prime?
False
Suppose 3*r = 4*r + 4*d, -d = 2*r - 7. Suppose -6*g + 5*x + 465 = -g, 0 = r*x + 16. Is g prime?
True
Suppose 4*g + 1 = 5, -4*o = -3*g - 753. Is (-1 - -3) + (o - 0) prime?
True
Let u(d) = 13*d**2 - 1. Let a be u(-1). Suppose 4*h + 2*m = 4 + 2, a = -2*h - 4*m. Is 5/h*(26 - -2) a prime number?
False
Let c = -767 - -1296. Is (-6 + 2 - -8) + c composite?
True
Let b(a) = -6*a + 7. Is b(-7) prime?
False
Let k(d) = -2*d - 8. Let w be k(-6). Is ((-6)/10)/(w/(-340)) composite?
True
Suppose 4*z = -633 - 3167. Is z/(-30) - 2/3 a prime number?
True
Let n = 72 + -25. Let j(m) = 34*m. Let b be j(3). Let f = b - n. Is f composite?
True
Suppose -4*g = -7*g - n - 7, -2*g - 3*n = 0. Let o = g - -5. Is (1*-7)/(o/(-34)) a prime number?
False
Suppose 12 = -3*c - 0. Let q = c + 0. Let p(h) = 4*h**2 - 4*h + 3. Is p(q) composite?
False
Suppose 10 = 5*b, 3*r - 4*b - 4 = -3*b. Let g(m) = -m**3 - 4*m**2 + 6*m + 3. Let i be g(-5). Is i + (r - 1) - -24 a prime number?
True
Let j be -3 - 202*3/(-6). Suppose -d - d + j = 0. Is d a composite number?
True
Let i = -240 - -420. Let p = 431 - i. Is p composite?
False
Is 6/(-9) + (-33544)/(-24) a composite number?
True
Let y(o) = 2*o**2 + 2*o + 4. Let t be 7 - 1*(3 - 1). Let i be y(t). Let r = i + -17. Is r a composite number?
False
Let j = 1638 + -969. Is j a prime number?
False
Let u = -33 - -72. Suppose -2*l + u = l. Is l a prime number?
True
Suppose 5*z - 17 = 2*o, -o + 2*o = 3*z - 10. Let h be 266/(-2)*1*o. Let u = -54 + h. Is u a composite number?
False
Let w(k) = -k**3 + 11*k**2 - 12. Let h = 33 + -23. Let m be w(h). Is ((-45)/36)/((-2)/m) prime?
False
Let b = 3 - 1. Let j be 2/9 + (-4175)/(-45). Suppose a - j = -b*a. Is a prime?
True
Let k = 35 - 21. Suppose -p = -5 - k. Is p composite?
False
Suppose -5*r + 12597 = 4*h, h - 3*h - 7567 = -3*r. Is r prime?
True
Suppose -3*a - 5*f = -32 + 7, 2*a + 25 = 5*f. Is (-1 + a)/(1/(-9)) a composite number?
True
Suppose -5*o - 487 = -2*v + 37, -261 = -v + 2*o. Is v a composite number?
False
Let i(l) = -2*l**2 + l - 9. Let z be i(11). Let q = -121 - z. Is q a composite number?
True
Suppose 2*s = -0 - 6, -3*z + 1767 = -2*s. Is z prime?
True
Let s = 24 + -14. Is s composite?
True
Is ((-2)/6)/(1370/1371 - 1) a prime number?
True
Let g(w) = 4*w**2 + w - 1. Let d(n) = -4*n**3. Let o be d(-1). Suppose 12 = -o*k + 28. Is g(k) a composite number?
False
Let r(j) = -j**3 - 2*j**2 + 6*j + 6. Suppose -n - n = p + 13, 0 = 4*p + 20. Is r(n) a composite number?
True
Suppose -4*k + 21320 = 4*d, 7674 + 8300 = 3*k - d. Is k a prime number?
False
Let y(d) = 16*d**3 + 7*d**2 - 6*d + 3. Let p be y(4). Suppose -l + p = 4*l. Is l a prime number?
True
Let a = -7 - -6. Is a - -47*(-1 + 2) prime?
False
Let z = 7 - 4. Suppose -a = z*a - 508. Is a a composite number?
False
Suppose -5*s = -s. Suppose -3*f + 417 = -s*f. Suppose -6*y + y - 82 = -2*h, 0 = 5*h + 4*y - f. Is h a prime number?
True
Is (-8)/(-16)*(0 + 2922 - 0) a prime number?
False
Let j be (1 - -1310) + -1*1. Let h = -519 + j. Is h a composite number?
True
Let f be 2 + (-5)/((-20)/152). Let j = 3 + f. Is j composite?
False
Let x(m) = -m**3 - 9*m**2 + 2*m - 15. Is x(-11) prime?
False
Let s(k) = -84*k - 4. Let m be s(-4). Let f = m - 145. Is f a prime number?
False
Suppose -9 = -2*t + 5*t. Let v = -484 - -222. Is (v/4)/(t/6) prime?
True
Let w(d) = 19*d**2 - 2*d + 6. Let y(t) = -18*t**2 + 2*t - 7. Let r(q) = 6*w(q) + 5*y(q). Is r(3) composite?
False
Let h be (0 - 0)*(1 - 0). Suppose 6*v - 7*v = h. Suppose 5*k - 11 - 19 = v. Is k a prime number?
False
Let x = -2371 + 8010. Is x prime?
True
Let b(w) = 16*w + 0 - 1 - 2 + 4. Is b(3) a composite number?
True
Suppose -149 = 6*o - 7*o. Is o a prime number?
True
Is (0 - 1)/(8/(-1192)) composite?
False
Suppose 0 = 3*r - 8*r - 5, 0 = 5*t + 3*r - 18962. Is t a prime number?
True
Suppose -3*q + 7 - 1 = 0. Suppose -3*k - 3*m = -1194, -q*k - 4*m = -683 - 119. Is k a prime number?
False
Suppose -5*p - 75 = 4*h - 9*h, -3*h = 4*p - 10. Suppose -u - h = 4. Is (0 + u/(-6))*33 a prime number?
False
Let h(a) = 86*a - 8. Let x be h(5). Suppose -2*g = -0*g - x. Is g prime?
True
Is (-4)/(-6)*6447/14 prime?
True
Suppose -5*v - 5*b + 1320 = 0, -5*v - b + 1330 = -6*b. Is v composite?
True
Let w(q) be the second derivative of 1/2*q**2 - q - 1/4*q**5 + 0 + 1/12*q**4 + 1/6*q**3. Is w(-2) prime?
True
Let n = 536 - 313. Is n a composite number?
False
Let w(i) be the second derivative of 2*i**4/3 + i**3/3 + i**2/2 - 4*i. Is w(-3) a composite number?
False
Suppose 0 = -5*c - c + 1068. Is c prime?
False
Suppose r - 6*r + 15 = 0. Suppose -r = 5*l - 23. Suppose 0 = -0*o - l*o + 44. Is o composite?
False
Let n(v) = -v + 7. Suppose -5*y - 32 = -y. Is n(y) a prime number?
False
Let h(l) = -79*l**3 + 4*l**2 - 4*l - 2. Is h(-3) prime?
True
Suppose -f + 2*h + 9632 = 3*f, 8 = 4*h. Suppose -3*j - 777 = -f. Suppo